3
Let i(n) = -n**2 - 10*n - 18. Suppose 0 = -3*c + 15, 35 - 1 = -2*x + 4*c. Let k be i(x). Suppose 0 = 3*a - 9 + k. What are the prime factors of a?
2
Suppose 4*t - 5786 + 1322 = 0. Suppose -m - 4*o = -380, -4*o + t = -0*m + 3*m. List the prime factors of m.
2, 23
Let k be 19 + (-9)/(45/(-20)). Let g(j) = 3*j + 6. Let i be g(k). Let t = -6 + i. What are the prime factors of t?
3, 23
Let x(w) be the first derivative of w**3 - 27*w**2/2 - 68*w + 115. What are the prime factors of x(20)?
2, 37
Suppose 5*a + 56 = 8*u - 5*u, 4*u - 86 = a. Suppose 0 = 23*b - u*b - 231. List the prime factors of b.
3, 7, 11
Let x be (-3 - -3) + 3*1. Suppose 2*i - 570 = l - 0*l, 2*i = x*l + 562. What are the prime factors of i?
7, 41
List the prime factors of (-33885)/(-10)*(-1 - -3).
3, 251
Suppose 216553 = 29*q - 177331 + 71723. List the prime factors of q.
3, 7, 23
Suppose 184*v = 173*v + 17490. List the prime factors of v.
2, 3, 5, 53
Suppose -112*q + 417301 + 790718 = -826797. What are the prime factors of q?
2, 3, 757
Let c = 42606 + -5096. List the prime factors of c.
2, 5, 11, 31
Let z = -474 - 435. Let f be z/(-18) + 3/2. Suppose -f = -7*w + 564. List the prime factors of w.
2, 11
Let t be 0 - ((-2)/2 + 499/1). Let s = t + 336. Let h = s - -278. What are the prime factors of h?
2, 29
Let s(c) = -c**2 - 8*c + 2. Let i be s(5). List the prime factors of (-18099)/i + (-8)/28.
7, 41
Let n(s) = s**3 - 2*s**2 - 6*s - 16. Let h be n(5). Suppose -m = 4*y - 746, 26*m = h*m + y - 2216. What are the prime factors of m?
2, 3, 41
Let r(b) = 71*b**2 - 8*b - 16. Let k be r(-5). Suppose -27*l + k = -26*l. What are the prime factors of l?
7, 257
Let x(z) be the first derivative of -5*z**3 - 12*z**2 + 22*z + 5 + 1/4*z**4. List the prime factors of x(17).
2, 3
Suppose -4*f + 5*v - 25 = -3*f, 5*v = 5*f + 25. Suppose 0*m = -3*m + 15, -4*w - 4*m + 12 = f. What are the prime factors of (w - -11)/3*303/9?
101
Suppose -12040 = -10*s - 700. Suppose -126*a = -124*a - s. List the prime factors of a.
3, 7
Suppose q = 5*i + 91 + 108, 5*q - 932 = 4*i. Let m be (-2)/10 + -2 + q/20. Let k(n) = n**2 - n + 6. What are the prime factors of k(m)?
2, 3
Suppose 10 = -5*q, -4*t + 2*q + 1048 = -1552. Suppose -4*i - t = -w + 767, 0 = 2*w + 2*i - 2822. List the prime factors of w.
2, 353
Suppose 5*x = 27 - 7. Suppose 635 - 4815 = -20*z. Suppose -z = -x*s - 69. List the prime factors of s.
5, 7
Let p = 62224 + -34724. What are the prime factors of p?
2, 5, 11
Let t be (90/36)/(2/4) + 1. Let d(a) = 26*a**2 + 4*a - 28. List the prime factors of d(t).
2, 233
Suppose -596*a - 4781 = -603*a. Let v = -442 + a. List the prime factors of v.
241
Let o be -4 + ((-6)/(-5))/(32/80). What are the prime factors of (-40)/(-60)*((-28)/(-1) + o)?
2, 3
Suppose -24*q + 35229 = -17571. Suppose 3*r = -0*r + 5*y + 1642, 0 = -4*r - 4*y + q. What are the prime factors of r?
3, 61
Suppose -2*q = -0 - 2. Let v = q + 20. What are the prime factors of v?
3, 7
Let v(k) = 2*k**3 + 13*k**2 + 2. What are the prime factors of v(15)?
9677
Let m(w) = -4*w**3 - 10*w**2 - 2*w + 5. Let h be m(-3). Let x(n) = -2*n**2 + 73*n - 47. List the prime factors of x(h).
2, 97
Let r be (2/(-2))/(9/27) - -9. What are the prime factors of 48/(6/r) - -3?
3, 17
Let h be ((-18)/(-12))/((-3)/(-1))*0. Suppose -5*y - 1206 = -2*f - 448, 2*f + y - 770 = h. List the prime factors of f.
2, 3
Let d = -82 - -85. Suppose d*g - 1083 = -3*c, -4*c = 5*g - 2214 + 412. What are the prime factors of g?
2, 179
Let m(c) = c + 7. Let z be m(-3). Suppose 10*j - 264 = z*j. Let r = 194 - j. What are the prime factors of r?
2, 3, 5
Suppose 2*v - 5*i = 2871, -40*i + 35*i - 7155 = -5*v. Suppose -19*h + 25*h = v. What are the prime factors of h?
2, 7, 17
Let j(p) = -14*p**3 - 31*p**2 - 34*p - 29. Let o(y) = -5*y**3 - 10*y**2 - 11*y - 10. Let l(t) = 3*j(t) - 8*o(t). What are the prime factors of l(-9)?
2, 131
Let x be 2/(-5) + 1524/10. Suppose 18*l = 11*l + 14. Suppose -3*y = -0*y - l*b - x, 196 = 4*y - 4*b. List the prime factors of y.
2, 3
Let p be (-2)/(-12) + (-1547)/102. What are the prime factors of 17397/36 - (p/(-12) - 1)?
3, 7, 23
Let n(j) = -5*j - 59. Let c(k) = 5*k - 5. Let b be c(1). Let g(l) = -5*l - 14. Let q be g(b). What are the prime factors of n(q)?
11
Suppose -q + v = -557, -q + 2*v + 152 = -410. Let g = q + -7. What are the prime factors of g?
5, 109
Let n(b) = 144*b**3 - b**2 - 37*b + 153. List the prime factors of n(5).
3, 5981
Let i = 29 + -15. Let r be (-316)/i + 4 + 9/(-21). What are the prime factors of (0 + 10)*(21 + r)?
2, 5
Let u(q) = -q**2 - q + 132. Let v be u(0). Let k = v + -85. Suppose -x = -k + 16. What are the prime factors of x?
31
Suppose -11*j - 20*j = 155. Let n = 34 + -23. Let m = n - j. What are the prime factors of m?
2
Suppose -464 = -33*b + 4*b. Let n = b - -102. What are the prime factors of n?
2, 59
What are the prime factors of 9/(-3)*(5/4 - 863753/132)?
19, 1033
Suppose 2540 = 2*a - 2*d, 0 = -2*a + d - 3*d + 2548. Suppose -42*s = -a - 14856. What are the prime factors of s?
2, 3
Suppose -2*w + b + 11 = 0, 5*b = 3*b + 10. Suppose -5*t + 25 = -o - 2, o - w = -2*t. List the prime factors of (2 - 14/6)*393*o.
2, 131
Suppose 0 = w - 8 - 66. Let d = 304 + -251. Let x = w - d. List the prime factors of x.
3, 7
Let h(i) = 9*i**2 - 135*i - 123. List the prime factors of h(-37).
3, 11, 521
Suppose -12 = -7*q + 16. Suppose 8 = -q*n + 6*n. Suppose -n*v = -3*m + 4*m - 25, 4*m + 2*v - 58 = 0. What are the prime factors of m?
13
Let n(p) = p**3 - 14*p + 12. Let i be n(-7). Let v = i - -302. What are the prime factors of v?
3, 23
List the prime factors of (-292080)/28*(-126)/27.
2, 5, 1217
Suppose 2134 = 5*a + 4*n - 20496, 2*a - 9090 = 6*n. What are the prime factors of a?
2, 3, 5, 151
Let n be 2*(15/2 + -2). Suppose l - 10 = -5*u, u = -0*u - 2*l + n. What are the prime factors of (5/3 - u)/((-40)/(-5340))?
89
Let m be 10 - 12 - (102 + 1). Let a = m - -325. Let r = -72 + a. List the prime factors of r.
2, 37
Suppose 2*v = -0*v - 5*f + 4242, v - 2121 = -f. Let i = -1189 + v. Suppose -2*y + 2*m + 478 = 0, 2*y - 2*m = 6*y - i. What are the prime factors of y?
5, 47
Let x = -4876 + 10691. List the prime factors of x.
5, 1163
List the prime factors of 7763/3*(2 - -1) - (228 + -231).
2, 11, 353
What are the prime factors of (-16 + (-12861)/(-9))/1?
3, 157
Suppose -22*p + 17*p + 139248 = 19*p. What are the prime factors of p?
2, 3, 967
Suppose 8*x - q = 82359, 41176 = 71*x - 67*x - 4*q. What are the prime factors of x?
5, 29, 71
Let z be 7/4*(10 - (4 + 2)). Suppose z*n - 412 = 1072. Suppose -80 - n = -a. What are the prime factors of a?
2, 73
Let h = -55976 + 119210. List the prime factors of h.
2, 3, 1171
Suppose 5*v = -5*w - 5, 0*w - 45 = -5*w + 5*v. Suppose -208 = -o + 5*g, w = 3*g - 2. What are the prime factors of o?
2, 109
Suppose -5*u = h - 5063 - 5251, -3*h + 6*u = -30837. List the prime factors of h.
10289
Let t be 3/(-6)*(-30)/3*1. Let w = 5 - 2. What are the prime factors of w/(t/(125/15))?
5
Let d = 20472 + -7238. List the prime factors of d.
2, 13, 509
Suppose -447*a - 75*a + 17881889 = -113*a. List the prime factors of a.
43721
Suppose -12*d + 31911 = 28*d - 12809. List the prime factors of d.
2, 13, 43
Let j(g) = g**3 - 4*g**2 + 5*g + 3. Suppose -8*y = -14*y. Suppose 4*z - z - 15 = y. List the prime factors of j(z).
53
What are the prime factors of (-7)/3 + 1792344/306?
5, 1171
Let u = 6028 + -510. What are the prime factors of u?
2, 31, 89
Suppose -285*m = -f - 282*m + 26029, 2*f - 52040 = -3*m. What are the prime factors of f?
53, 491
List the prime factors of (446/(-3))/((-24)/2196).
61, 223
Suppose -r = 5*g - 26 - 16, 0 = 5*r + 2*g - 95. Suppose 0 = -r*w + 28 + 261. Suppose -18*b + 197 = -w*b. What are the prime factors of b?
197
Let o = 39 - 87. What are the prime factors of -1 + ((-8)/o - (-11355)/18)?
2, 3, 5, 7
Let q(v) = -6*v + 10. Let i be (-15)/10*4/6*-4. Suppose 5*t = 4*l + 2, 15 = -3*l - i*t + t. What are the prime factors of q(l)?
2, 7
Let p = 426 - 162. Suppose -18*w = 4*w - p. What are the prime factors of w?
2, 3
Let v = 3 + 199. Suppose -103 = 8*f - 9*f - 3*a, 2*f + 5*a - v = 0. What are the prime factors of f?
7, 13
Let z(p) = p**3 + 7*p**2 - 14*p - 20. Let m(y) = -7*y**3 - 2*y**2 + y. Let c be m(1). Let h be z(c). Su